)?
41
Suppose -8*j - 1 = -65. What are the prime factors of j?
2
Let x = -4 - -74. List the prime factors of x.
2, 5, 7
Let o be -1*2/((-8)/(-12)). Let r = o + 25. What are the prime factors of r?
2, 11
Suppose 0 = -2*q + 4*b - 2, 2*b = 5*q - 0*q + 21. Let y = -3 - q. Suppose 5*r + y*w - w = 74, 76 = 4*r + 5*w. What are the prime factors of r?
2, 7
Let h(d) = 58*d**2 - 1. Let v be h(-1). Suppose -2*z = -10, 0 = 4*c + 7*z - 2*z - v. Let s = -4 + c. List the prime factors of s.
2
Suppose m + 4*m + 62 = 3*z, 0 = -3*z - 5*m + 82. List the prime factors of 27/9 + 2*z.
3, 17
Suppose -3*l = 2*x + 14 + 28, -28 = 2*l + 5*x. List the prime factors of l/21 + (-100)/(-6).
2
Suppose 1 - 11 = -2*l. Suppose -57 = -8*b + l*b. What are the prime factors of b?
19
Let n(v) = v**3 + 7*v**2 - 9*v + 1. Suppose 4*f = 5*u - 17, 3*u = -u - 12. Let d be n(f). List the prime factors of 2 - 4/((-4)/d).
11
Suppose -y = -0*y. Let x = 6 + y. What are the prime factors of x?
2, 3
Let c(z) = 3*z**3 + 25*z**2 - 15. Let t(m) = m**3 + 12*m**2 - 7. Let i(s) = -2*c(s) + 5*t(s). Let f be i(10). List the prime factors of (-20)/(-5)*f/(-2).
2, 5
Suppose 5*m - 577 = -2*d, -3*d = 2*m - 5*m - 876. List the prime factors of d.
3, 97
Let o = 8 + -17. Let u = -6 - o. Suppose 3 = u*x - 4*x, -5*t - 2*x = -44. What are the prime factors of t?
2, 5
List the prime factors of 2/(6/69 + 0).
23
Let d(g) = g**2 + g - 3. Let o be d(3). Let s be 6/o*3/(-1). Let w(h) = -8*h - 1. List the prime factors of w(s).
3, 5
Let v be 60/16 - 2/(-8). Let f = v - 0. What are the prime factors of f?
2
Let z(j) = -j**3 - 8*j**2 - 13*j - 6. Let b be z(-6). Suppose -3*g + 6 + 24 = b. List the prime factors of g.
2, 5
List the prime factors of (-144)/(-30)*(-10)/(-2).
2, 3
Suppose -37 = -2*q - q - 2*g, -2*g = -5*q + 67. List the prime factors of q.
13
Let c(o) = o**2 - o - 1. Let y(k) = 7*k**2 - 12*k - 12. Let a(z) = -6*c(z) + y(z). Let l be a(7). List the prime factors of (-36)/(-21)*(l - -6).
2, 3
Let t(v) = 28*v + 21. List the prime factors of t(4).
7, 19
Let s = 170 - 98. What are the prime factors of s?
2, 3
Suppose -2*y - 3 = y. Let z = y - -1. List the prime factors of 0 + z - (-1 - 4).
5
Let u = -22 + 33. List the prime factors of u.
11
Suppose 2*z - 3*y + 12 = 2*y, 2*y - 28 = -5*z. Suppose -a = -z*a + 132. List the prime factors of a.
2, 11
Let a be 2/9 + (-50)/(-18). Suppose -5*z = -z - a*q + 11, -z + q = 4. Suppose -10 + z = -s. What are the prime factors of s?
3
Let x(v) = 70*v**2 - 3*v - 1. List the prime factors of x(-1).
2, 3
Suppose -1120 = -4*z + 4*p, 2*p - 1980 = -5*z - 559. What are the prime factors of z?
283
Suppose 0 = -l + 3*b + 24, b - 10 = 3*b. List the prime factors of l.
3
Let u(r) = r**2 + 4*r - 7. Let f be u(-5). Let l(m) = -6*m - 1. List the prime factors of l(f).
11
Suppose 27 = -3*v + 3. List the prime factors of 2/v + (-411)/(-12).
2, 17
What are the prime factors of 6 - (-9)/(-3) - -36?
3, 13
Suppose 0*w = -h - 2*w + 25, 5 = h - 3*w. What are the prime factors of h?
17
Suppose 18*c - 13*c - 1550 = 0. What are the prime factors of c?
2, 5, 31
Suppose -2*g = -7*g. Let y(c) be the third derivative of -c**6/120 + c**5/60 - c**4/24 + c**3/2 + c**2. What are the prime factors of y(g)?
3
Suppose -m - 5*z - 9 = 8, 5*m + z - 35 = 0. Let w be 0/5 - 1*6. Let y = w + m. What are the prime factors of y?
2
Let o = 4 - -22. Suppose s + 0*s + o = 3*d, s = 2*d - 19. What are the prime factors of d?
7
Let s(l) = 5*l + 1. Let d be s(1). Suppose -p + d = 5*z, 35 = 3*p - 0*p - 2*z. List the prime factors of p.
11
What are the prime factors of (-3 - -31) + (-2 - 0)?
2, 13
Let l = -796 + 332. Let i be l/(-18) - (-4)/18. Let a = i + -13. What are the prime factors of a?
13
Suppose -3*x = 2*x - 25. Suppose 0*u - x = -u. What are the prime factors of u?
5
Suppose 4*j = -0*j + 88. What are the prime factors of j?
2, 11
Let r = -6 - -10. Suppose 0 = -r*n - 0*n + 108. What are the prime factors of n?
3
Suppose 0 = -4*m + 8, -w + 24 = 3*w + 4*m. Suppose -w*r + 14 = -10. Let p(t) = t**2 - 6*t + 3. What are the prime factors of p(r)?
3
Let z be (-1 - -1)/(1/(-1)). Suppose z = 2*i - 8 + 2. List the prime factors of (-1)/(i - 16/5).
5
Suppose 2*h - 5*k = 26, 2*k = -k. Let a = -8 + h. List the prime factors of a.
5
Suppose 0 = -0*o + o - 11. Let g be 0*1*1/(-2). Suppose 5*y - 6*y + o = g. What are the prime factors of y?
11
Suppose -3*s - 37 = 11. Let c = -11 - s. Suppose -l + 20 = -c*u + 2, -50 = -5*l + 5*u. List the prime factors of l.
2
Let s = -3 - -2. Let h be 1/s - (-3 + 0). Suppose 2*k = -c - 8, -4*c - h*k + 0 - 2 = 0. List the prime factors of c.
2
Let u be 137/3 + (-4)/6. Suppose -3*h - 15 = u. List the prime factors of ((-6)/(-5))/((-3)/h).
2
Let t(b) = b**3 - 6*b**2 + 4*b - 12. List the prime factors of t(7).
5, 13
Suppose s = -3*l + 2*s + 47, -3*s = 4*l - 67. What are the prime factors of l?
2
Suppose 7*p - 10*p + 510 = 0. What are the prime factors of p?
2, 5, 17
Let b be (2 - -2)*1/2. Suppose 72 = 2*c + b*c. List the prime factors of c.
2, 3
Let w = 1 + -1. What are the prime factors of (-1*5)/(-1 - w)?
5
Suppose 252 = 3*d + 69. List the prime factors of d.
61
Suppose -1205 = -5*h + s, -s + 235 = -0*h + h. What are the prime factors of h?
2, 3, 5
Suppose 3*d = -2*n - 2*d + 137, d = n - 65. List the prime factors of n.
2, 3, 11
Let k(a) = a**3 - 7. Let o be k(0). Let v(j) = -j**3 - 7*j**2 + j + 4. Let c be v(o). What are the prime factors of 66/4 - c/6?
17
Let c(o) = -o**2 + 7*o - 1. Let f be c(6). Suppose 2*u = 5*j - 7, -5*u - 2*j + 9 = 41. What are the prime factors of -5*(u/f - 0)?
2, 3
Let w(j) = 14*j - 24*j + 4 + 13*j. List the prime factors of w(12).
2, 5
Suppose -2*b - 3*y + 9 = -0*b, y - 3 = -3*b. Suppose -n + b*n = -3. What are the prime factors of n/(-2)*2 + 18?
3, 5
Let w(u) = 39*u + 3. Let a be w(-2). Let r = a - -45. List the prime factors of (-24)/(-10) + 12/r.
2
Let j(a) = 12*a. Let z(f) = 2*f. Let v(t) = 2*j(t) - 10*z(t). What are the prime factors of v(3)?
2, 3
Let b = 10 + -22. Let w be (6/4 + -1)*44. Let d = w + b. What are the prime factors of d?
2, 5
Let r be 4/(-2)*(-3)/(-6). Let b be (r - -12)/(1/3). What are the prime factors of (b/12)/((-1)/(-4))?
11
Let x(b) = b**2 - 3*b - 4. List the prime factors of x(8).
2, 3
Let f = 3 + -1. Suppose -3*t - 5*n = f*t + 40, -3 = -3*n. Let z = t - -19. What are the prime factors of z?
2, 5
Suppose 7*h = -0*h + 476. What are the prime factors of h?
2, 17
Suppose 5*v - 2 = 3*v. What are the prime factors of (3 - v)*7/2?
7
Let c(j) = -j**2 - 3*j + 2. Let i be c(-5). Let o = i + 10. Suppose 5*p = -0*x - o*x + 17, -3*x - 2*p = -42. List the prime factors of x.
2
Suppose -2*y - 477 = -5*y + 3*t, -3*y + 4*t + 478 = 0. What are the prime factors of y?
2, 79
Suppose -6*s = -138 - 24. What are the prime factors of s?
3
Let s = -19 - -16. Let t = s + 9. List the prime factors of t.
2, 3
Let j be 4/18 + (-29)/9. Let n(i) = -4*i + 2. List the prime factors of n(j).
2, 7
Let g be (2 - 2)/(0 + -2). Suppose -n - u + 2*u + 41 = g, 0 = 4*n + 2*u - 188. Suppose -4*p = -9*p + n. List the prime factors of p.
3
Suppose 30 = -i + 105. List the prime factors of i.
3, 5
Let r = 37 + 12. What are the prime factors of r?
7
Let s = -16 - -23. Let z(g) = -7*g - 20. Let r(p) = 3*p + 10. Let f(d) = 5*r(d) + 2*z(d). List the prime factors of f(s).
17
Let q = 28 - -46. List the prime factors of q.
2, 37
Suppose 4*d - 5*d = -52. What are the prime factors of d?
2, 13
Let y be (1 - 1 - 51)*-6. Suppose 5*k + w + y = 101, -k + 5*w - 15 = 0. List the prime factors of (-12)/(-10)*k/(-6).
2
Suppose 11 = 3*i - 4. Suppose -i*m = -m - 16. What are the prime factors of m?
2
Let t(q) = 7*q**2 - 15*q + 7. What are the prime factors of t(4)?
59
List the prime factors of (-44)/(-2) - (7 + -3).
2, 3
Suppose 4*z + 37 - 1 = 0. Let c(h) = -h**2 - 9*h + 11. List the prime factors of c(z).
11
Let l be 2 + 1 + -5 - 16. Let f = l + -10. Let y = -14 - f. What are the prime factors of y?
2, 7
Let d = 5 - 2. Suppose 0 = 5*r - 5, d*s - 3*r = -7*r + 43. List the prime factors of s.
13
Suppose k + 3*c + 8 = -k, -k + c = -6. What are the prime factors of k + (6/(-3) - -7)?
7
Suppose 5*p + 3*w = 351, 5*w = -5*p - 0*p + 355. List the prime factors of p.
3, 23
Let f = 5 + 25. Let g = 51 - f. List the prime 